mon factor of j and p?
5
Let v(b) = -9*b + 0*b**2 - 6 - 4 + 2*b**2. Let a be v(7). Let o be (-2)/(-2) - (4 - a). Calculate the greatest common factor of o and 55.
11
Let g be 232/12*1*-3. Let k be g/(-8) + (-9)/(-12). Calculate the greatest common factor of k and 32.
8
Let z = -35 + 47. What is the greatest common factor of 18 and z?
6
Let p be 1 + -1 - -2 - 1. Let g(s) = -s**2 + 4*s + 10. Let m be g(5). What is the greatest common divisor of p and m?
1
Suppose -2*a - r + 23 = 0, -3*a + 3*r + 24 = -6. Calculate the greatest common divisor of 11 and a.
11
Suppose -r + 5*m + 143 = 0, 830 = r + 4*r - 2*m. Calculate the highest common divisor of r and 42.
42
Let g be (0/4)/1 + -2. Let i be 6 - 8 - (g - 7). What is the greatest common divisor of 35 and i?
7
Suppose -14 = -3*o + 52. Calculate the highest common factor of o and 55.
11
Suppose 3*g = 5*g - 14. Let y(x) = 8*x**2 + x - 2. Let h be y(1). What is the greatest common factor of g and h?
7
Let j(w) = w**2 - 6*w - 5. Let v be j(-5). Suppose -12 + 0 = -3*t. Let y be (t/(-10))/(2/(-50)). What is the highest common factor of v and y?
10
Let n be 6*(2 + 15/(-9)). Suppose -n*h = -h - 60. What is the greatest common divisor of h and 24?
12
Suppose 3*b + 5*x = 24, -3*x = -5*b + 2*x + 40. Let g = 0 + b. Calculate the greatest common factor of g and 4.
4
Suppose 35 = -3*f - 3*y - 607, 3*f - 3*y + 612 = 0. Let k = f - -321. What is the highest common factor of k and 28?
28
Let o be (-4)/(-26) - 7784/(-104). What is the greatest common factor of 30 and o?
15
Let b be (10/(-6))/((-1)/18). Let p be (190/19)/(-2*3/(-6)). Calculate the highest common factor of p and b.
10
Suppose 2 = 5*c - 8. Suppose 11 = c*a + 5*f, -5*a - 13 = f - 2*f. Let n be 4*(a + (-9)/(-2)). What is the highest common divisor of n and 40?
10
Let f(j) = j**2 + j + 112. Let t be f(0). Calculate the highest common factor of t and 14.
14
Let k(d) = -d**2 - 5*d - 2. Suppose 5 = -2*z - j - 1, -j - 2 = z. Let t be k(z). What is the highest common divisor of t and 10?
2
Let t(g) = -g**2 - 3*g + 2. Let r be t(-3). Let f be r - 1 - 0 - -19. Suppose 3*m = z + 4 - 14, -2*m = z - f. Calculate the highest common factor of 24 and z.
8
Suppose 4*u = -i + 315, 0*u + 4*i = -u + 60. Suppose x - u = -x. Calculate the greatest common factor of x and 8.
8
Let t = -50 - -55. Calculate the greatest common divisor of t and 40.
5
Let c(z) = 47*z - 3. Let u be c(7). Let h be (-20)/30 + u/3. What is the greatest common factor of 12 and h?
12
Let u(b) = -3*b. Let w be u(-2). Suppose 16 = 3*i + 361. Let g = 181 + i. Calculate the greatest common factor of w and g.
6
Suppose s = -0*s + 8. Let u = 55 - 15. Calculate the highest common factor of u and s.
8
Let p = -4 - -20. Suppose 3*d - d = -4, 0 = h - 5*d - 122. Calculate the highest common factor of h and p.
16
Suppose 2*y + 8 = -y + i, -16 = 5*y - 3*i. Let s be y/6 + 278/6. Calculate the greatest common factor of 115 and s.
23
Suppose -5*t - 24 = -9*t. Suppose -s + t*s - 70 = 0. Let r be (12/(-8))/(1/(-84)). Calculate the highest common factor of s and r.
14
Let a(m) = -8*m. Let b be a(-1). Suppose 7*j - b*j = -9. Suppose 0 = -4*q + 8, -5*q = 2*t - q - 44. What is the highest common divisor of t and j?
9
Suppose 0 = -2*j + j + 13. Calculate the highest common divisor of 65 and j.
13
Let v(n) = 2*n - 3. Let b be v(9). Calculate the greatest common divisor of b and 15.
15
Suppose 0 = p - 2*n - 6, 5*p = -3*n + n + 90. Let a = 18 - p. Calculate the highest common divisor of a and 22.
2
Let h(z) = z**3 - 7*z**2 - 7*z - 2. Suppose v + 4 = 12. Let b be h(v). Calculate the highest common factor of b and 6.
6
Let b be 5 + 2 + 0 + -2. Suppose 5*n + 15 = 2*x, -3*x - 3*n - 13 = -b*x. Calculate the highest common factor of x and 35.
5
Let c = 9 - -9. What is the greatest common factor of 144 and c?
18
Let f(t) = -t**3 - 7*t**2 + t - 8. Let x be f(-8). Calculate the highest common divisor of 120 and x.
24
Let n = 43 + -26. Let j = 12 - 46. Let u be (j/(-8))/((-2)/(-8)). What is the greatest common factor of n and u?
17
Let g(x) = x**2 + 1. Let t be g(3). Let q(z) = -8*z + 10. Let c be q(-5). What is the highest common divisor of t and c?
10
Let h(n) = -n**3 + 5*n**2 + 3*n - 12. Let i be h(4). Let c = 267 + -91. What is the highest common factor of c and i?
16
Let f be (-9)/6*(-4)/3. Calculate the highest common divisor of 3 and f.
1
Suppose 0 = -0*n - n + 10. Suppose 0 = -7*g + g + 300. What is the greatest common divisor of g and n?
10
Let j = -35 - -59. Suppose x + c + 4*c - 32 = 0, c + 53 = 2*x. Suppose 3*d = 3*i - 45, -3*i + x + 21 = -4*d. What is the greatest common divisor of j and i?
12
Suppose -2*i = 5*q - 5, -3*i + 0*q = 4*q - 18. Calculate the greatest common divisor of i and 30.
10
Let u be -21*(12/(-28) + (-54)/14). What is the highest common divisor of 45 and u?
45
Suppose 0 = -4*q + u + 6 + 32, -33 = -3*q + 3*u. What is the highest common factor of q and 27?
9
Suppose 3*r - 8 = r. Suppose 36 = r*d + 16. What is the greatest common factor of d and 5?
5
Suppose -2*s = -s - 13. Suppose 0*v - 71 = -4*b + 3*v, 2*b + 3*v = s. Let j = 110 + -12. What is the greatest common factor of j and b?
14
Let b be (12/8)/((-3)/(-4)). Suppose 8 = b*i - q, -3*q - 12 = -3*i - q. Suppose l - i + 2 = 0. Calculate the highest common factor of 6 and l.
2
Let x be (0 - 6)/((-2)/(-4)). Let u(b) = -3*b + 15. Let c be u(x). What is the greatest common factor of c and 17?
17
Suppose -4*s - 7 = -47. Let q = -48 - -73. Calculate the greatest common divisor of q and s.
5
Suppose 0 = -4*t - s - 2*s + 201, 56 = t - 5*s. Calculate the highest common divisor of 85 and t.
17
Suppose -3*q = 6 - 30. Let f(c) = c**3 - 7*c**2 - 5*c + 10. Let u be f(q). Suppose 5 = w - u. What is the highest common factor of 13 and w?
13
Suppose 3*u = 8*u + 15. Let r be (14/u)/((-2)/9). Calculate the greatest common divisor of 7 and r.
7
Let m(a) = 32*a**2 - 4*a - 2. Let i be m(-1). Calculate the greatest common factor of 374 and i.
34
Let s(g) = 2*g**3 - 4*g**2 + 2*g + 3. Let f be s(3). Let b = f - -27. What is the highest common factor of b and 9?
9
Suppose -j + 129 = -23. What is the greatest common divisor of 19 and j?
19
Let w(j) = -5*j - 1. Let x be w(-1). Let y be (32/2)/x - 1. What is the greatest common divisor of y and 9?
3
Let w = -30 + 33. Calculate the highest common divisor of 57 and w.
3
Suppose 5 + 7 = -b. Let r be 22/(8/b - -1). Suppose 0 = l + 2*h - 2, 2*h - 6 - 2 = -2*l. Calculate the highest common divisor of r and l.
6
Let p(o) = -10*o**3 - o - 1. Let y be p(-1). Suppose 2*a = -0*a + 10. Calculate the greatest common factor of y and a.
5
Suppose -2*q + q - n + 3 = 0, 3*q + 4*n - 5 = 0. Suppose 3*r - 6 = r. Let a(y) = 6*y**2 + 2*y - 4. Let h be a(r). What is the highest common divisor of h and q?
7
Let j be (-80)/(-12)*18/15. Let i(y) = y**3 - 9*y**2 + 8*y + 4. Let v be i(j). Calculate the highest common divisor of v and 1.
1
Suppose 5*y = -0*y - c + 664, 2*y - 276 = -3*c. Suppose -3*k - 45 = -4*g, g + 22 = 3*g - 2*k. Calculate the highest common divisor of g and y.
12
Suppose 9 = a + 2*a. Suppose -a*v - 5*s = -14, 0 = 4*v - 3*s - 77 + 10. Calculate the highest common divisor of 117 and v.
13
Let k(j) = -j**2 - j - 1. Let z(s) = -s**3 + 7*s**2 + 11*s - 13. Let h(m) = -k(m) + z(m). Let p be h(9). What is the highest common factor of p and 60?
15
Let u = 2 - -13. Let w be 6 + (-2 - 1 - -1). Suppose -90 - 30 = -w*x. What is the highest common divisor of u and x?
15
Suppose 14*m - 107 - 131 = 0. Suppose -505 = -4*w - w. Let i = 86 + w. Calculate the highest common factor of i and m.
17
Let j be 38/5 - 6/(-15). Let l be j/(-20) + 154/10. Calculate the highest common divisor of 15 and l.
15
Let c = -12 + 23. What is the greatest common divisor of 33 and c?
11
Suppose -26 = -m - 4*b, 9*m + 3*b - 96 = 4*m. Let p be (-54)/(-24)*(-2 - -22). Suppose 14*s - 9*s - p = 0. What is the highest common divisor of s and m?
9
Suppose 2*w = 3*x + 2*x + 65, -2*w - 2*x = -86. What is the highest common divisor of w and 10?
10
Let f(l) = -5*l - 8. Let g be f(-6). What is the greatest common divisor of g and 11?
11
Suppose -3*r = -4*r + 4. Suppose 0 = r*j - 32 - 12. Calculate the highest common factor of j and 88.
11
Let x(o) = -o**2 + 8*o - 2. Let j be x(6). Suppose 2*i =